 when 2521 is divided by 565?
261
What is the remainder when 14339 is divided by 3543?
167
Calculate the remainder when 3099 is divided by 165.
129
Calculate the remainder when 704069 is divided by 6.
5
What is the remainder when 23232 is divided by 289?
112
Calculate the remainder when 4198 is divided by 120.
118
What is the remainder when 224970 is divided by 112484?
2
What is the remainder when 1719 is divided by 149?
80
Calculate the remainder when 775 is divided by 717.
58
Calculate the remainder when 4141 is divided by 66.
49
What is the remainder when 10238 is divided by 45?
23
Calculate the remainder when 312930 is divided by 34.
28
What is the remainder when 17835 is divided by 118?
17
What is the remainder when 5183 is divided by 148?
3
Calculate the remainder when 28115 is divided by 7004.
99
What is the remainder when 692279 is divided by 8?
7
What is the remainder when 434745 is divided by 86949?
0
Calculate the remainder when 20170 is divided by 2520.
10
What is the remainder when 40337 is divided by 2880?
17
What is the remainder when 152941 is divided by 27?
13
Calculate the remainder when 3861 is divided by 865.
401
Calculate the remainder when 121476 is divided by 64.
4
What is the remainder when 12058 is divided by 1343?
1314
Calculate the remainder when 11294 is divided by 867.
23
What is the remainder when 5739 is divided by 512?
107
What is the remainder when 13289 is divided by 4?
1
Calculate the remainder when 3032 is divided by 122.
104
Calculate the remainder when 19570 is divided by 52.
18
Calculate the remainder when 31993 is divided by 283.
14
What is the remainder when 199572 is divided by 15?
12
What is the remainder when 4736 is divided by 861?
431
Calculate the remainder when 633137 is divided by 258.
5
What is the remainder when 493 is divided by 328?
165
What is the remainder when 412033 is divided by 18728?
17
Calculate the remainder when 19664 is divided by 171.
170
What is the remainder when 1496 is divided by 605?
286
What is the remainder when 6994 is divided by 2615?
1764
Calculate the remainder when 10812 is divided by 225.
12
Calculate the remainder when 5183 is divided by 96.
95
What is the remainder when 54828 is divided by 10?
8
Calculate the remainder when 2678 is divided by 1175.
328
What is the remainder when 35700 is divided by 13?
2
What is the remainder when 5047 is divided by 829?
73
Calculate the remainder when 19059 is divided by 9528.
3
Calculate the remainder when 80129 is divided by 227.
225
Calculate the remainder when 66317 is divided by 484.
9
Calculate the remainder when 1624 is divided by 692.
240
What is the remainder when 5295 is divided by 1274?
199
Calculate the remainder when 16283 is divided by 276.
275
Calculate the remainder when 39932 is divided by 208.
204
What is the remainder when 2398 is divided by 625?
523
Calculate the remainder when 2261 is divided by 722.
95
Calculate the remainder when 6587 is divided by 19.
13
Calculate the remainder when 1556 is divided by 773.
10
What is the remainder when 11263 is divided by 43?
40
What is the remainder when 7613 is divided by 120?
53
Calculate the remainder when 117445 is divided by 5592.
13
Calculate the remainder when 5495 is divided by 133.
42
What is the remainder when 31457 is divided by 1310?
17
What is the remainder when 1661 is divided by 2?
1
Calculate the remainder when 320968 is divided by 276.
256
What is the remainder when 8984 is divided by 63?
38
Calculate the remainder when 106487 is divided by 51.
50
What is the remainder when 75751 is divided by 79?
69
What is the remainder when 967 is divided by 504?
463
Calculate the remainder when 401184 is divided by 215.
209
Calculate the remainder when 17496 is divided by 57.
54
Calculate the remainder when 26371 is divided by 2028.
7
Calculate the remainder when 39602 is divided by 1414.
10
Calculate the remainder when 155015 is divided by 448.
7
What is the remainder when 77667 is divided by 292?
287
What is the remainder when 33044 is divided by 10963?
155
Calculate the remainder when 552622 is divided by 125.
122
What is the remainder when 60182 is divided by 20060?
2
Calculate the remainder when 227200 is divided by 227191.
9
Calculate the remainder when 400 is divided by 13.
10
What is the remainder when 26105 is divided by 45?
5
Calculate the remainder when 8382 is divided by 68.
18
What is the remainder when 35956 is divided by 13?
11
Calculate the remainder when 5498 is divided by 2267.
964
Calculate the remainder when 109271 is divided by 109253.
18
What is the remainder when 123344 is divided by 57?
53
Calculate the remainder when 18019 is divided by 17.
16
Calculate the remainder when 1986 is divided by 499.
489
Calculate the remainder when 5424 is divided by 1351.
20
Calculate the remainder when 6493 is divided by 6489.
4
What is the remainder when 3363 is divided by 308?
283
What is the remainder when 2759 is divided by 427?
197
Calculate the remainder when 112798 is divided by 24.
22
What is the remainder when 149451 is divided by 46?
43
What is the remainder when 4664 is divided by 4526?
138
Calculate the remainder when 99862 is divided by 2562.
2506
What is the remainder when 42727 is divided by 392?
391
What is the remainder when 2615751 is divided by 28?
19
Calculate the remainder when 522873 is divided by 320.
313
Calculate the remainder when 145079 is divided by 52.
51
What is the remainder when 26197 is divided by 353?
75
What is the remainder when 4766 is divided by 129?
122
Calculate the remainder when 1291606 is divided by 1206.
1186
Calculate the remainder when 10474 is divided by 616.
2
What is the remainder when 549779 is divided by 38?
33
What is the remainder when 3680582 is divided by 1007?
1004
What is the remainder when 15115 is divided by 3018?
25
Calculate the remainder when 3974 is divided by 50.
24
What is the remainder when 15682 is divided by 7827?
28
What is the remainder when 9957 is divided by 66?
57
Calculate the remainder when 49405 is divided by 1497.
4
Calculate the remainder when 3262 is divided by 772.
174
What is the remainder when 1144 is divided by 158?
38
Calculate the remainder when 115453 is divided by 2309.
3
What is the remainder when 18336 is divided by 240?
96
Calculate the remainder when 565 is divided by 312.
253
What is the remainder when 3304 is divided by 260?
184
What is the remainder when 8392 is divided by 58?
40
Calculate the remainder when 32423 is divided by 345.
338
What is the remainder when 41319 is divided by 90?
9
Calculate the remainder when 18576 is divided by 35.
26
Calculate the remainder when 69731 is divided by 23.
18
What is the remainder when 2845 is divided by 1303?
239
Calculate the remainder when 401838 is divided by 130.
8
Calculate the remainder when 2525 is divided by 29.
2
Calculate the remainder when 68040 is divided by 68036.
4
Calculate the remainder when 13958 is divided by 51.
35
Calculate the remainder when 255375 is divided by 22.
21
Calculate the remainder when 4743 is divided by 396.
387
Calculate the remainder when 110883 is divided by 853.
846
Calculate the remainder when 1095 is divided by 316.
147
What is the remainder when 12061 is divided by 218?
71
What is the remainder when 2794 is divided by 5?
4
What is the remainder when 575397 is divided by 35?
32
What is the remainder when 4730 is divided by 128?
122
What is the remainder when 291058 is divided by 588?
586
What is the remainder when 1435 is divided by 288?
283
What is the remainder when 8149 is divided by 1027?
960
What is the remainder when 83893 is divided by 60?
13
Calculate the remainder when 3461 is divided by 575.
11
Calculate the remainder when 63391 is divided by 52.
3
What is the remainder when 132479 is divided by 14?
11
Calculate the remainder when 3274 is divided by 78.
76
What is the remainder when 48387 is divided by 1030?
1007
Calculate the remainder when 119116 is divided by 7.
4
What is the remainder when 55667 is divided by 235?
207
What is the remainder when 141669 is divided by 53?
0
Calculate the remainder when 8750 is divided by 302.
294
What is the remainder when 16572 is divided by 8283?
6
What is the remainder when 2559 is divided by 24?
15
Calculate the remainder when 7325 is div